 factors of 116622524?
2, 29155631
What are the prime factors of 2343676634?
2, 13, 233, 263, 1471
List the prime factors of 44431557.
3, 17, 19, 45853
List the prime factors of 627466142.
2, 313733071
List the prime factors of 58707389.
13, 383, 907
List the prime factors of 40565014.
2, 7, 2897501
List the prime factors of 727258530.
2, 3, 5, 24241951
List the prime factors of 99262981.
197, 461, 1093
List the prime factors of 1912813623.
3, 7, 13883
What are the prime factors of 6473730540?
2, 3, 5, 19, 353, 16087
List the prime factors of 1222268093.
23, 31, 1714261
What are the prime factors of 287728520?
2, 5, 53, 135721
What are the prime factors of 28493013?
3, 337, 28183
List the prime factors of 47912136.
2, 3, 277, 7207
What are the prime factors of 93878912?
2, 31, 59, 401
List the prime factors of 7360075519.
4057, 1814167
What are the prime factors of 247018706?
2, 11, 433, 25931
What are the prime factors of 20168622?
2, 3, 139, 2687
What are the prime factors of 206552646?
2, 3, 3825049
List the prime factors of 176568702.
2, 3, 89, 330653
What are the prime factors of 125466954?
2, 3, 20911159
List the prime factors of 940837222.
2, 13, 17, 2128591
What are the prime factors of 415374488?
2, 359, 144629
What are the prime factors of 117338385?
3, 5, 7822559
What are the prime factors of 253458282?
2, 3, 7, 11, 181, 433
What are the prime factors of 107509282?
2, 151, 317, 1123
List the prime factors of 187744719.
3, 17, 19, 193751
List the prime factors of 4791841832.
2, 491, 1219919
What are the prime factors of 227585603?
7, 73, 6101
List the prime factors of 1749861599.
223, 7846913
List the prime factors of 1072096808.
2, 31, 1511, 2861
List the prime factors of 2085421968.
2, 3, 7, 295553
List the prime factors of 1118624453.
29, 2621, 14717
List the prime factors of 22627867.
17, 1331051
What are the prime factors of 114441603?
3, 17, 577, 3889
What are the prime factors of 32494387?
181, 179527
List the prime factors of 53177463.
3, 5908607
What are the prime factors of 195227213?
67, 173, 16843
What are the prime factors of 3615940?
2, 5, 180797
What are the prime factors of 627451055?
5, 7, 11, 43, 151, 251
What are the prime factors of 90888579?
3, 17, 503, 1181
List the prime factors of 22622177.
4549, 4973
List the prime factors of 6469406684.
2, 13, 71, 157, 11161
What are the prime factors of 139287128?
2, 307, 56713
List the prime factors of 1566263014.
2, 783131507
List the prime factors of 61800457.
17, 3635321
What are the prime factors of 35190709?
743, 47363
List the prime factors of 367238770.
2, 5, 36723877
What are the prime factors of 1933770066?
2, 3, 322295011
What are the prime factors of 127820078?
2, 59, 293, 3697
List the prime factors of 3862054.
2, 7, 19, 14519
What are the prime factors of 3513007111?
3513007111
List the prime factors of 14289126.
2, 3, 2381521
List the prime factors of 183619150.
2, 5, 11, 13, 61, 421
List the prime factors of 451113439.
7, 64444777
List the prime factors of 4435776212.
2, 7, 158420579
What are the prime factors of 203210318?
2, 89, 1141631
What are the prime factors of 10797190?
2, 5, 307, 3517
What are the prime factors of 320396399?
17, 18846847
List the prime factors of 43451206.
2, 73, 359, 829
What are the prime factors of 1988248988?
2, 11, 45187477
What are the prime factors of 2611752556?
2, 7, 93276877
What are the prime factors of 72754456?
2, 61, 149087
What are the prime factors of 40068541?
17, 2356973
List the prime factors of 35569179.
3, 1317377
What are the prime factors of 926259479?
926259479
List the prime factors of 47528337.
3, 15842779
What are the prime factors of 66055853?
109, 606017
What are the prime factors of 2631219704?
2, 328902463
What are the prime factors of 46673335?
5, 131, 71257
What are the prime factors of 1077538404?
2, 3, 17, 61, 131, 661
What are the prime factors of 69479839?
11, 13, 97, 5009
What are the prime factors of 199629613?
3571, 55903
What are the prime factors of 13580551?
179, 75869
List the prime factors of 2169274578.
2, 3, 23, 43, 365567
What are the prime factors of 43016989?
43016989
List the prime factors of 30889509.
3, 7, 59, 107, 233
List the prime factors of 200224715.
5, 1201, 33343
What are the prime factors of 369406962?
2, 3, 20522609
What are the prime factors of 252666075?
3, 5, 3368881
List the prime factors of 2945680991.
11, 24344471
List the prime factors of 81771031.
251, 325781
What are the prime factors of 2255648?
2, 70489
What are the prime factors of 34761778?
2, 29, 599341
List the prime factors of 8423746.
2, 29, 311, 467
List the prime factors of 16412401.
89, 184409
What are the prime factors of 34467202?
2, 7, 11, 23, 37, 263
What are the prime factors of 18877543?
31, 608953
What are the prime factors of 1990667?
7, 109, 2609
List the prime factors of 7307866748.
2, 7, 13, 20076557
What are the prime factors of 25391484?
2, 3, 379, 1861
List the prime factors of 1512801501.
3, 29, 2683, 6481
List the prime factors of 6237582609.
3, 8431, 246613
What are the prime factors of 185589310?
2, 5, 18558931
List the prime factors of 30206411.
30206411
List the prime factors of 7161218733.
3, 29, 82312859
List the prime factors of 6281494734.
2, 3, 19, 449, 122719
List the prime factors of 721354590.
2, 3, 5, 11, 37, 47, 419
List the prime factors of 114376480.
2, 5, 714853
List the prime factors of 59869183.
11, 5442653
What are the prime factors of 21986665?
5, 547, 8039
What are the prime factors of 3596280463?
127, 28317169
What are the prime factors of 302123435?
5, 67, 901861
List the prime factors of 267964965.
3, 5, 17, 350281
List the prime factors of 1819636568.
2, 6133, 37087
What are the prime factors of 95637371?
137, 698083
What are the prime factors of 2219047657?
37, 811, 73951
What are the prime factors of 898843412?
2, 19, 11826887
What are the prime factors of 2041115384?
2, 7, 11, 59, 71, 113
List the prime factors of 1037756424.
2, 3, 43239851
List the prime factors of 4077415371.
3, 17, 19, 103, 40853
What are the prime factors of 1034386812?
2, 3, 28732967
What are the prime factors of 102106821?
3, 23, 1479809
List the prime factors of 6141043677.
3, 23, 89000633
What are the prime factors of 668316299?
7, 293, 325849
What are the prime factors of 1646078767?
761, 1093, 1979
What are the prime factors of 44886847?
97, 359, 1289
List the prime factors of 336670438.
2, 13, 12948863
List the prime factors of 303592856.
2, 7, 173, 31337
List the prime factors of 1559036869.
13, 67, 1237, 1447
List the prime factors of 22576903.
22576903
List the prime factors of 14631308.
2, 3657827
List the prime factors of 251037970.
2, 5, 37, 678481
What are the prime factors of 148009694?
2, 7, 37, 40819
List the prime factors of 334947711.
3, 7, 15949891
What are the prime factors of 1327033087?
1327033087
What are the prime factors of 8672853?
3, 7, 41, 1439
List the prime factors of 374756585.
5, 7, 17, 629843
List the prime factors of 23284817.
1433, 16249
List the prime factors of 360901892.
2, 13, 6940421
List the prime factors of 335457262.
2, 7, 31, 389, 1987
What are the prime factors of 2376056647?
19, 131, 954623
What are the prime factors of 151319783?
23, 919, 7159
List the prime factors of 329059058.
2, 164529529
List the prime factors of 874995212.
2, 7, 13, 31, 77543
List the prime factors of 385149099.
3, 23, 5581871
What are the prime factors of 206027549?
7, 13, 109, 20771
List the prime factors of 21477188.
2, 17, 131, 2411
What are the prime factors of 318512354?
2, 37, 41, 61, 1721
List the prime factors of 89909869.
7, 3463, 3709
What are the prime factors of 35528578?
2, 43, 97, 4259
What are the prime factors of 93227126?
2, 2549, 18287
What are the prime factors of 854002777?
1621, 526837
List the prime factors of 819361645.
5, 1657, 98897
What are the prime factors of 1687760640?
2, 3, 5, 239, 613
What are the prime factors of 48417083?
11, 13, 338581
List the prime factors of 552969565.
5, 23, 167, 28793
What are the prime factors of 86515428?
2, 3, 79, 263, 347
List the prime factors of 53573800.
2, 5, 7, 17, 2251
List the prime factors of 487083848.
2, 19, 1051, 3049
List the prime factors of 19603976.
2, 7, 283, 1237
What are the prime fac